{"id":269,"date":"2016-05-17T08:41:05","date_gmt":"2016-05-17T08:41:05","guid":{"rendered":"http:\/\/ld-wp.template-help.com\/wordpress_60085-sample\/?page_id=269"},"modified":"2018-05-18T20:44:28","modified_gmt":"2018-05-18T18:44:28","slug":"home","status":"publish","type":"page","link":"https:\/\/reitanlage-hoffmann.de\/","title":{"rendered":"Home"},"content":{"rendered":"<p>Unser Angebot f\u00fcr Sie Wir \u00fcber uns Wir sind ein Familienbetrieb, der in dritter Generation in der Pensionspferdehaltung t\u00e4tig ist. Wir sind nun seit \u00fcber 35 Jahre auf die Pensionspferdehaltung spezialisiert und versuchen uns st\u00e4ndig mit den steigenden Anforderungen an d <a href=\"https:\/\/reitanlage-hoffmann.de\/\" title=\"Read more on Home\" class=\"more-link\">read more<\/a><\/p>\n","protected":false},"excerpt":{"rendered":"<p>Unser Angebot f\u00fcr Sie Wir \u00fcber uns Wir sind ein Familienbetrieb, der in dritter Generation in der Pensionspferdehaltung t\u00e4tig ist. Wir sind nun seit \u00fcber 35 Jahre auf die Pensionspferdehaltung spezialisiert und versuchen uns st\u00e4ndig mit den steigenden Anforderungen an d read more<\/p>\n","protected":false},"author":1,"featured_media":0,"parent":0,"menu_order":0,"comment_status":"closed","ping_status":"closed","template":"","meta":[],"_links":{"self":[{"href":"https:\/\/reitanlage-hoffmann.de\/index.php?rest_route=\/wp\/v2\/pages\/269"}],"collection":[{"href":"https:\/\/reitanlage-hoffmann.de\/index.php?rest_route=\/wp\/v2\/pages"}],"about":[{"href":"https:\/\/reitanlage-hoffmann.de\/index.php?rest_route=\/wp\/v2\/types\/page"}],"author":[{"embeddable":true,"href":"https:\/\/reitanlage-hoffmann.de\/index.php?rest_route=\/wp\/v2\/users\/1"}],"replies":[{"embeddable":true,"href":"https:\/\/reitanlage-hoffmann.de\/index.php?rest_route=%2Fwp%2Fv2%2Fcomments&post=269"}],"version-history":[{"count":136,"href":"https:\/\/reitanlage-hoffmann.de\/index.php?rest_route=\/wp\/v2\/pages\/269\/revisions"}],"predecessor-version":[{"id":3735,"href":"https:\/\/reitanlage-hoffmann.de\/index.php?rest_route=\/wp\/v2\/pages\/269\/revisions\/3735"}],"wp:attachment":[{"href":"https:\/\/reitanlage-hoffmann.de\/index.php?rest_route=%2Fwp%2Fv2%2Fmedia&parent=269"}],"curies":[{"name":"wp","href":"https:\/\/api.w.org\/{rel}","templated":true}]}}