{"id":1118,"date":"2016-06-15T07:24:10","date_gmt":"2016-06-15T07:24:10","guid":{"rendered":"http:\/\/ld-wp.template-help.com\/wordpress_60085-sample\/?page_id=1118"},"modified":"2018-05-11T11:05:33","modified_gmt":"2018-05-11T09:05:33","slug":"about-us","status":"publish","type":"page","link":"https:\/\/reitanlage-hoffmann.de\/?page_id=1118","title":{"rendered":"Wir \u00fcber uns"},"content":{"rendered":"<p>&nbsp; Wir \u00fcber uns &nbsp; Wir sind ein Familienbetrieb, der in dritter Generation in der Pensionspferdehaltung t\u00e4tig ist. Wir sind nun seit \u00fcber 35 Jahre auf die Pensionspferdehaltung spezialisiert und versuchen uns st\u00e4ndig mit den steigenden Anforderungen an die Pensi <a href=\"https:\/\/reitanlage-hoffmann.de\/?page_id=1118\" title=\"Read more on Wir \u00fcber uns\" class=\"more-link\">read more<\/a><\/p>\n","protected":false},"excerpt":{"rendered":"<p>&nbsp; Wir \u00fcber uns &nbsp; Wir sind ein Familienbetrieb, der in dritter Generation in der Pensionspferdehaltung t\u00e4tig ist. Wir sind nun seit \u00fcber 35 Jahre auf die Pensionspferdehaltung spezialisiert und versuchen uns st\u00e4ndig mit den steigenden Anforderungen an die Pensi read more<\/p>\n","protected":false},"author":1,"featured_media":0,"parent":0,"menu_order":0,"comment_status":"closed","ping_status":"closed","template":"","meta":[],"_links":{"self":[{"href":"https:\/\/reitanlage-hoffmann.de\/index.php?rest_route=\/wp\/v2\/pages\/1118"}],"collection":[{"href":"https:\/\/reitanlage-hoffmann.de\/index.php?rest_route=\/wp\/v2\/pages"}],"about":[{"href":"https:\/\/reitanlage-hoffmann.de\/index.php?rest_route=\/wp\/v2\/types\/page"}],"author":[{"embeddable":true,"href":"https:\/\/reitanlage-hoffmann.de\/index.php?rest_route=\/wp\/v2\/users\/1"}],"replies":[{"embeddable":true,"href":"https:\/\/reitanlage-hoffmann.de\/index.php?rest_route=%2Fwp%2Fv2%2Fcomments&post=1118"}],"version-history":[{"count":11,"href":"https:\/\/reitanlage-hoffmann.de\/index.php?rest_route=\/wp\/v2\/pages\/1118\/revisions"}],"predecessor-version":[{"id":3705,"href":"https:\/\/reitanlage-hoffmann.de\/index.php?rest_route=\/wp\/v2\/pages\/1118\/revisions\/3705"}],"wp:attachment":[{"href":"https:\/\/reitanlage-hoffmann.de\/index.php?rest_route=%2Fwp%2Fv2%2Fmedia&parent=1118"}],"curies":[{"name":"wp","href":"https:\/\/api.w.org\/{rel}","templated":true}]}}